List the prime factors of 1275424.
2, 39857
List the prime factors of 1528368.
2, 3, 17, 1873
What are the prime factors of 8962707?
3, 13, 229813
What are the prime factors of 5978390?
2, 5, 11, 17, 23, 139
List the prime factors of 1395763.
41, 59, 577
What are the prime factors of 2033173?
47, 181, 239
List the prime factors of 5048957.
103, 49019
List the prime factors of 2291014.
2, 11, 9467
List the prime factors of 184768.
2, 2887
List the prime factors of 653626.
2, 71, 4603
What are the prime factors of 162000?
2, 3, 5
What are the prime factors of 24368406?
2, 3, 4061401
What are the prime factors of 10163294?
2, 5081647
What are the prime factors of 11663453?
409, 28517
What are the prime factors of 3870976?
2, 15121
What are the prime factors of 314466?
2, 3, 17, 3083
List the prime factors of 6079837.
563, 10799
List the prime factors of 565123.
13, 29, 1499
List the prime factors of 1486558.
2, 743279
What are the prime factors of 216167?
7, 30881
What are the prime factors of 994769?
994769
List the prime factors of 190240.
2, 5, 29, 41
What are the prime factors of 3859586?
2, 1929793
What are the prime factors of 773034?
2, 3, 19, 6781
What are the prime factors of 319785?
3, 5, 21319
What are the prime factors of 8685957?
3, 7, 43, 9619
List the prime factors of 114553.
114553
List the prime factors of 11890464.
2, 3, 29, 4271
List the prime factors of 97423.
97423
List the prime factors of 69375.
3, 5, 37
List the prime factors of 1489773.
3, 157, 3163
List the prime factors of 7740172.
2, 11, 43, 4091
What are the prime factors of 824830?
2, 5, 82483
List the prime factors of 2998345.
5, 7, 85667
List the prime factors of 40824.
2, 3, 7
List the prime factors of 8496.
2, 3, 59
List the prime factors of 60339.
3, 20113
List the prime factors of 148033.
179, 827
List the prime factors of 3974047.
7, 11, 73, 101
List the prime factors of 161606.
2, 80803
List the prime factors of 6847881.
3, 2282627
What are the prime factors of 5769722?
2, 7, 412123
What are the prime factors of 2746591?
23, 119417
What are the prime factors of 953504?
2, 83, 359
List the prime factors of 32380042.
2, 3733, 4337
List the prime factors of 410956.
2, 7, 13, 1129
List the prime factors of 11069983.
11069983
List the prime factors of 3400275.
3, 5, 45337
List the prime factors of 2046691.
311, 6581
List the prime factors of 1612307.
1612307
List the prime factors of 22363623.
3, 73, 34039
What are the prime factors of 22614120?
2, 3, 5, 20939
List the prime factors of 934377.
3, 293, 1063
What are the prime factors of 550165?
5, 7, 11, 1429
What are the prime factors of 792095?
5, 158419
What are the prime factors of 1066424?
2, 133303
What are the prime factors of 3006102?
2, 3, 11, 37, 1231
What are the prime factors of 9143186?
2, 13, 351661
List the prime factors of 2061949.
167, 12347
List the prime factors of 15318093.
3, 7, 223, 3271
List the prime factors of 122187.
3, 13, 241
List the prime factors of 616367.
616367
What are the prime factors of 13102909?
13102909
What are the prime factors of 673196?
2, 31, 61, 89
List the prime factors of 271944.
2, 3, 1259
List the prime factors of 43966.
2, 13, 19, 89
What are the prime factors of 99193?
281, 353
What are the prime factors of 114479?
114479
What are the prime factors of 385870?
2, 5, 47, 821
What are the prime factors of 7565068?
2, 7, 17, 23, 691
List the prime factors of 13503707.
7, 79, 24419
What are the prime factors of 4914457?
4914457
What are the prime factors of 1215804?
2, 3, 71, 1427
List the prime factors of 4171721.
4171721
What are the prime factors of 341140?
2, 5, 37, 461
What are the prime factors of 456231?
3, 152077
List the prime factors of 1737124.
2, 659
What are the prime factors of 578479?
11, 43, 1223
What are the prime factors of 8619246?
2, 3, 103, 4649
List the prime factors of 104058.
2, 3, 41, 47
List the prime factors of 209643.
3, 7, 67, 149
List the prime factors of 381143.
7, 54449
What are the prime factors of 263584?
2, 8237
What are the prime factors of 186451?
186451
List the prime factors of 8342938.
2, 19, 241, 911
What are the prime factors of 25505?
5, 5101
List the prime factors of 6040690.
2, 5, 604069
What are the prime factors of 96378?
2, 3, 16063
List the prime factors of 507740.
2, 5, 53, 479
What are the prime factors of 112870?
2, 5, 11287
List the prime factors of 1904740.
2, 5, 131, 727
List the prime factors of 2748424.
2, 7, 17, 2887
What are the prime factors of 2762324?
2, 61, 11321
List the prime factors of 323053.
323053
What are the prime factors of 10401477?
3, 37, 83, 1129
List the prime factors of 890523.
3, 98947
What are the prime factors of 87642?
2, 3, 541
List the prime factors of 79247.
7, 11321
List the prime factors of 11297756.
2, 2824439
What are the prime factors of 850632?
2, 3, 23, 67
What are the prime factors of 3218768?
2, 7, 29, 991
What are the prime factors of 804060?
2, 3, 5, 1489
What are the prime factors of 433918?
2, 23, 9433
List the prime factors of 1705867.
29, 59, 997
What are the prime factors of 816066?
2, 3, 45337
What are the prime factors of 2183299?
31, 70429
List the prime factors of 18811095.
3, 5, 17, 71, 1039
List the prime factors of 5429310.
2, 3, 5, 137, 1321
What are the prime factors of 1917287?
1917287
What are the prime factors of 1578888?
2, 3, 21929
List the prime factors of 1249153.
23, 54311
What are the prime factors of 24254833?
293, 82781
What are the prime factors of 1662948?
2, 3, 7, 6599
List the prime factors of 5805035.
5, 1161007
What are the prime factors of 27718151?
23, 271, 4447
List the prime factors of 122970.
2, 3, 5, 4099
What are the prime factors of 74634?
2, 3, 7, 1777
List the prime factors of 1987863.
3, 29, 73, 313
List the prime factors of 57049.
89, 641
List the prime factors of 99818.
2, 29, 1721
What are the prime factors of 1333343?
11, 47, 2579
List the prime factors of 522823.
7, 19, 3931
List the prime factors of 18227.
11, 1657
List the prime factors of 17191539.
3, 17, 112363
What are the prime factors of 3313066?
2, 1656533
What are the prime factors of 1182398?
2, 7, 84457
List the prime factors of 599974.
2, 31, 9677
What are the prime factors of 8842278?
2, 3, 17, 86689
List the prime factors of 3977464.
2, 241, 2063
List the prime factors of 1747369.
13, 139, 967
List the prime factors of 7243670.
2, 5, 7, 14783
What are the prime factors of 1111579?
7, 17, 9341
List the prime factors of 1146018.
2, 3, 409, 467
What are the prime factors of 956520?
2, 3, 5, 2657
What are the prime factors of 1624825?
5, 103, 631
What are the prime factors of 567837?
3, 21031
What are the prime factors of 1917951?
3, 7, 91331
What are the prime factors of 3213610?
2, 5, 97, 3313
What are the prime factors of 15426195?
3, 5, 19, 113, 479
What are the prime factors of 2364316?
2, 591079
List the prime factors of 10571617.
7, 227, 6653
List the prime factors of 3281604.
2, 3, 19, 37, 389
List the prime factors of 291251.
19, 15329
What are the prime factors of 5681909?
373, 15233
List the prime factors of 488262.
2, 3, 19, 4283
List the prime factors of 359507.
31, 11597
What are the prime factors of 4284807?
3, 449, 3181
What are the prime factors of 266213?
41, 43, 151
List the prime factors of 10085694.
2, 3, 19, 88471
What are the prime factors of 19605923?
19605923
What are the prime factors of 2863972?
2, 43, 16651
List the prime factors of 13148620.
2, 5, 657431
What are the prime factors of 2780351?
7, 73, 5441
What are the prime factors of 7770976?
2, 41, 5923
What are the prime factors of 125096?
2, 19, 823
What are the prime factors of 562426?
2, 29, 9697
What are the prime factors of 3750464?
2, 58601
What are the prime factors of 4210239?
3, 11, 127583
What are the prime factors of 12302722?
2, 31, 37, 173
What are the prime factors of 263134?
2, 149, 883
List the prime factors of 153807.
3, 167, 307
What are the prime factors of 16757293?
7, 2393899
What are the prime factors of 2626586?
2, 1313293
What are the prime factors of 380523?
3, 11, 13, 887
What are the prime factors of 273275?
5, 17, 643
List the prime factors of 20440.
2, 5, 7, 73
What are the prime factors of 17984596?
2, 7, 53, 12119
List the prime factors of 456710.
2, 5, 1